rmine h(r).
-10
Let b(q) be the third derivative of -5*q**4/24 - q**3/6 - 20*q**2 + 13. Give b(9).
-46
Let u(o) = -18*o + 72. Let y(r) = 17*r - 72. Let f(n) = 2*u(n) + 3*y(n). What is f(5)?
3
Let j(q) = 101*q + 37. Let z(i) = -151*i - 40. Let l(b) = 3*j(b) + 2*z(b). Determine l(9).
40
Let x(f) be the second derivative of -f**5/20 - f**4/12 + f**3/6 - 4*f**2 + 2*f + 248. Determine x(4).
-84
Let l(w) = -6*w**3 - 2*w + 1. Suppose 4*c = 5*h - 64 - 12, 0 = -h + 5*c + 32. Suppose -h*n + 16*n = -5*x + 17, -4*x + 19 = 5*n. Give l(x).
-7
Let q(x) = 0*x**3 - 2*x**3 + 74*x**2 - 2*x + 4364 - 4298. Determine q(37).
-8
Let x(u) = -17*u + 1. Let g(t) = 56*t - 33. Let w(f) = g(f) + 3*x(f). Determine w(8).
10
Let d(w) = w**3 + 1. Let t(b) = 3*b - 13. Let n = 22 - 16. Suppose -2*c + 4*c + n = 0, -2*r + 3*c = -19. Let y be t(r). What is d(y)?
9
Let r = 4121 - 4118. Let x(j) be the first derivative of -j**r + 1/2*j**2 + 1/4*j**4 + 24 + 0*j. What is x(3)?
3
Suppose 5*f = 2*r - 37, -4*f - 1 = 5*r - 11. Suppose -4*o + r = -c, -o - 3*c = 2*o - 12. Let d(p) = -p + 3*p**2 + 2*p + 7 + 7*p - o*p**2. Give d(-8).
7
Suppose -3*k = h + 1 - 10, -2*h + 6 = 0. Let d(w) = -36*w + 25*w + 5 + 19*w + w**k - 2. Calculate d(-7).
-4
Let i be -2*1*32/16. Let u(p) be the first derivative of 2*p**2 + 7*p + 6138. Determine u(i).
-9
Let v(w) = w**3 - 14*w**2 - 162*w + 2099. Let h be v(16). Let b(r) = -r + 1. Let g(f) = f**2 - 21*f + 1. Let o(n) = 2*b(n) - g(n). What is o(h)?
1
Let j(d) = -7*d**2 - 5*d + 21. Let l(z) = 5*z**2 + 23*z - 30*z - 7*z**2 - 8*z**2 + 30. Let x(u) = -7*j(u) + 5*l(u). Give x(3).
-6
Suppose 223 - 143 = 8*d. Suppose 4 = -3*b + 19, -3*r + d = -4*b. Let g(c) = -c**3 + 10*c**2 + c - 6. Determine g(r).
4
Let l(m) = -2*m - 25. Let f(h) = 10*h**2 - 17*h + 21. Let r be f(3). Suppose -73*o - 195 = -r*o. Determine l(o).
5
Let c(p) = p**3 + 4*p**2 - 7*p - 2. Let s be c(-5). Let t be (-3)/(((-40)/15)/s). Let d(y) = -6*y + 5*y + 5 + t. Determine d(6).
8
Let t(v) = -28 + 2*v - 74 - 30 - 38 + 176. Let p(l) = l**2 - 8*l + 1. Let h be 7*(1 - 0)/1. Let j be p(h). What is t(j)?
-6
Let u(t) = 48*t - 16*t - 19*t - 161 - 16*t + 161. Let y(s) = s**2 + 5*s + 6. Let v be y(-4). Calculate u(v).
-6
Let n(o) be the third derivative of o**5/60 - 5*o**4/8 + 13*o**3/6 - 5964*o**2. Calculate n(11).
-31
Let w(q) = -q**2 + 10*q - 21. Let u be w(8). Let g be -5 + (-2 + 10/u - -7). Let z(p) = p + 1. Give z(g).
-1
Let i(r) = 0*r**2 + 7 + 5846*r - r**2 + 0*r**2 - 5850*r. Let g be (-352)/56 + (-2)/(-7). What is i(g)?
-5
Suppose 2*u + 410 = 84*u. Let a(z) = 3*z + 3 - 6 - 5*z - 1. Calculate a(u).
-14
Let s be 3/(8/(928/(-6))). Let r = -53 - s. Let q(a) = 401*a**2 + r - a**3 - 410*a**2 - 2. What is q(-9)?
3
Let o(p) = -p**2 - 39*p + 427. Let m(l) = -22*l**2 + 1405*l + 144. Let q be m(64). What is o(q)?
-5
Let p(o) = 11*o + 1. Let x = -219 + 220. Suppose 2*l = 5*j + 6*l + x, 0 = -3*l + 3. Determine p(j).
-10
Suppose 5*f - 390 = 5*z, 0*f = -3*z - 2*f - 219. Let i = -73 - z. Let r(s) = -5*s**i - 2*s**3 - 3*s**3 + 6*s**3 - 3*s - 7 - 3*s. What is r(6)?
-7
Let u(f) be the second derivative of -f**5/60 - f**4/6 - f**3/2 - 31*f**2 + 47*f. Let z(k) be the first derivative of u(k). Determine z(-2).
1
Let j = 7866 + 510. Let z(i) = -2*i - 8374 - i**2 + 0*i**2 + j. Determine z(2).
-6
Suppose 104 = 3*y + 5*s, -2*s + 68 = 2*y - 0*s. Let r(t) = -y - 17*t + 22*t + 34. Let o be (-2)/(-3 - -5)*4. Give r(o).
-19
Let g = 276 + -273. Suppose g*p - 1 + 4 = -2*q, 1 = -p. Let v(z) = z**3 + z**2 + 21. Give v(q).
21
Suppose -4*g + 5*h = -95, -h + 1 - 4 = 0. Let j(o) = -3*o + 37. Calculate j(g).
-23
Let d(y) = -121*y - 126. Let l(x) = x**3 + 2*x**2 - 7*x - 3. Let o be l(2). Give d(o).
-5
Let i(u) = 2*u**2 + u + 5. Let o(m) = m**2 + m + 3. Let b(z) = -3*i(z) + 7*o(z). Let l be b(-3). Let d(y) = 0*y - l*y**2 - y + 0*y + 1. Calculate d(1).
-3
Let z(f) = -3*f - 26 + 23 + 3*f + 3*f - 4*f. Let y(q) = q**2 + 19*q - 31. Let u be y(-21). What is z(u)?
-14
Suppose -21*g + 25*g + 4 = 4*z, 0 = z - 2*g + 1. Let h(m) = -m + m**3 + 204*m**2 - 413*m**2 + 12*m**z + 1 + 210*m**2. Determine h(1).
14
Let a(w) = -17 - 31*w - 18 - 17 + 46 + 5. Calculate a(0).
-1
Let q be 5/(25/(-2))*10. Let s be 2*1/q*0. Let k(p) = -12*p + 11*p + 696 - 685. What is k(s)?
11
Let r = 2 - -2. Suppose -3*g + m = -15384, 0 = 3*m + m + 12. Let o(z) = -g - z - z**3 + 5131 + 2*z**2 + 0*z. Calculate o(r).
-32
Suppose 2*f - 4*t = -3*f + 30, -f - t = 3. Let d(g) = 10*g**f + 17*g - 11*g**2 - 3*g - 18. Let u be 4/(-10) - 536/(-40). Determine d(u).
-5
Let y(p) = -19*p**2 - 20*p - 7*p**2 - p**3 - 9*p - 3*p - 2 + 7*p. What is y(-25)?
-2
Suppose -53*p + 186 = -47*p. Let t(j) = 7*j**2 + 38 + j**3 + 0*j**3 - p + 8*j. Determine t(-6).
-5
Let s(o) = -o**2 + 3. Let w(i) = -i + 12*i**2 + 3*i - 4*i**2 - 7*i**2 + 7. Let d be w(-3). Suppose 2*q + 36 = -d*q. Calculate s(q).
-6
Let q(b) = -b. Let u = 119 - 138. Let j = -14 - u. Let k be (2 - j - -4)*(-3 + 2). Give q(k).
1
Let j(w) be the first derivative of -7/2*w**2 + 0*w - 1/3*w**3 + 121. What is j(-6)?
6
Let v(t) = 3*t - 36. Let i be v(13). Let y(x) = 51 - 27 - 20 + i*x + 0*x. Let p = 20 + -24. Calculate y(p).
-8
Let i(s) = -2*s + 18*s**2 + 4*s + 0*s + 106 - 40 - 19*s**2. Let z be i(9). Let d(r) = 3*r - 3. Determine d(z).
6
Let k(n) = -8 - n - 6*n - 51127*n**3 + 7*n**2 + 51126*n**3. What is k(4)?
12
Let p be 4*-3*(-1)/3. Let m(g) = -4*g + 12. Let a(y) = -7*y + 23. Let o(r) = 3*a(r) - 5*m(r). What is o(p)?
5
Let t(u) be the first derivative of 2*u**3 + 54 + u**2 + 1/4*u**4 + 9*u. Calculate t(-6).
-3
Let y(j) = j + 15. Suppose 3*f + 2*n = 41, 2*f + 134*n - 40 = 139*n. Determine y(f).
30
Let v(w) be the third derivative of w**5/120 - 7*w**4/24 - 5*w**3/2 - 43*w**2. Let c(j) be the first derivative of v(j). Let b = -23 + 28. Determine c(b).
-2
Let g be 2/((4/(-2))/2). Let f(m) = 68*m**2 + 6*m - 2. Let k(j) = 123*j**2 + 11*j - 4. Let u(b) = -9*f(b) + 5*k(b). Calculate u(g).
8
Let i(z) be the first derivative of -z**4/4 - 3*z**3 - 2*z - 3. Let d be (4 + -9 + 2)*1 + -1. Let o be d/10 - 8/(-40)*-43. What is i(o)?
-2
Suppose 5*h + 75 = -35. Let v = h - -28. Let l(q) be the second derivative of q**3/3 - 2*q**2 + 4*q - 4. What is l(v)?
8
Suppose -2*i = -0*i. Let q be (9 - 12) + (i - -55). Let c = -52 + q. Let t(s) = s - 14. Give t(c).
-14
Let i(v) = 11*v - 8. Let p(q) = 657*q - 3941. Let d be p(6). Calculate i(d).
3
Let d(w) = 2*w**2 + 3*w + 3. Let p(c) = c**3 + 5*c**2 - 6*c - 3. Let q be p(-6). Let z be (-5 + (1 - q))*-5. Suppose -14 = z*i + 1. Give d(i).
12
Let p(q) = -q**3 + 3*q**2 - 1. Let j(t) = t**3 + 9*t**2 + 9*t + 10. Suppose -4*k - 28 = l, 2*l = 2*k + 6*l. Let x be j(k). Calculate p(x).
3
Let g = 4 - 6. Let d be (-6)/8 - (-242)/88. Let s(a) = 460*a + 2*a**3 + 1 + d*a**2 - 3*a**2 - 458*a + 1 + 4*a**2. What is s(g)?
-6
Let i be (-64)/36 - 2/9. Let u(d) be the second derivative of -d**3/6 + d**2/2 + 79522*d. Give u(i).
3
Let z(x) be the second derivative of -x**5/20 + 2*x**4/3 - 4*x**3/3 + 15*x**2/2 + 4*x - 207. Calculate z(7).
8
Let m(i) = 18 - 3 - 7 + 21 - 115 - 7*i. Calculate m(-8).
-30
Suppose -2128 = -6*r + 139*r. Let t(y) = 4*y + 44. What is t(r)?
-20
Let p(s) = -s**2 + 22*s - 35. Let r be p(21). Let q(k) = k**3 + 13*k**2 - 11*k - 16. What is q(r)?
-58
Let k(w) = w**2 - 16*w + 1. Let d = 863 - 851. Determine k(d).
-47
Let z(g) = g**2 - 3*g - 1. Suppose -2*i - 6*d = -2*d - 44, -5*d + 39 = 2*i. Let y = -29 + i. Calculate z(y).
-1
Let s(z) be the third derivative of -z**4/3 + 32*z**3/3 - 4*z**2 - 79. Determine s(6).
16
Let i(d) = -4. Let x(v) = 2*v - 18. Let g(q) = 11*i(q) - 3*x(q). Calculate g(6).
-26
Let v(p) = -p**2 + 57*p + 753. Let u be v(68). Let q(r) be the first derivative of -2*r - 2*r**2 + 1/3*r**3 + 1. Calculate q(u).
3
Let n = -11 - -41. Suppose -k = 2 - 4, 4*a - n = -3*k. Suppose -5*m - 9 = -3*z, -3*z + 0*m + a = -4*m. Let u(r) = -5*r**2 - 1. Calculate u(z).
-21
Let c(y) be the first derivative of 1/120*y**5 + 0*y - 1/3*y**4 + 5 + 0*y**2 - 5*y**3. Let k(g) be the third derivative of c(g). Determine k(-6).
-14
Let d(h) = -19*h - 529. Let n be d(-30). Let u(f) = f**2 - 43*f + 73. Give u(n).
-9
Let t(o) = -o**3 + 30*o**2 - 57*o + 53. Suppose -3*y - 4*p = -112, -74 = -4*y - 4*p + 66. Calculate t(y).
25
Let f(h) = -95*h + 22. Let a(u) = 